{"id":4040,"date":"2026-03-20T10:17:22","date_gmt":"2026-03-20T15:17:22","guid":{"rendered":"https:\/\/siamingenieria.com\/wpf\/?page_id=4040"},"modified":"2026-03-20T12:19:47","modified_gmt":"2026-03-20T17:19:47","slug":"verificar","status":"publish","type":"page","link":"https:\/\/siamingenieria.com\/wpf\/verificar\/","title":{"rendered":"Verificar"},"content":{"rendered":"\t\t<div data-elementor-type=\"wp-page\" data-elementor-id=\"4040\" class=\"elementor elementor-4040\" data-elementor-post-type=\"page\">\n\t\t\t\t<div class=\"elementor-element elementor-element-3d5eb2e e-flex e-con-boxed e-con e-parent\" data-id=\"3d5eb2e\" data-element_type=\"container\" data-e-type=\"container\" data-settings=\"{&quot;background_background&quot;:&quot;classic&quot;}\">\n\t\t\t\t\t<div class=\"e-con-inner\">\n\t\t\t\t<div class=\"elementor-element elementor-element-be9044d elementor-widget elementor-widget-heading\" data-id=\"be9044d\" data-element_type=\"widget\" data-e-type=\"widget\" data-widget_type=\"heading.default\">\n\t\t\t\t\t<h1 class=\"elementor-heading-title elementor-size-default\">Centro de Verificaci\u00f3n P\u00fablica<\/h1>\t\t\t\t<\/div>\n\t\t\t\t<div class=\"elementor-element elementor-element-c1dd188 elementor-widget__width-initial elementor-widget-mobile__width-inherit elementor-widget elementor-widget-text-editor\" data-id=\"c1dd188\" data-element_type=\"widget\" data-e-type=\"widget\" data-widget_type=\"text-editor.default\">\n\t\t\t\t\t\t\t\t\t<p>Garantizamos la total transparencia y seguridad de nuestros procesos. Utiliza esta herramienta para comprobar la validez de cualquier informe emitido por nuestro sistema. Por favor, introduce el c\u00f3digo correspondiente abajo.<\/p>\t\t\t\t\t\t\t\t<\/div>\n\t\t\t\t\t<\/div>\n\t\t\t\t<\/div>\n\t\t<div class=\"elementor-element elementor-element-7ce438a e-flex e-con-boxed e-con e-parent\" data-id=\"7ce438a\" data-element_type=\"container\" data-e-type=\"container\">\n\t\t\t\t\t<div class=\"e-con-inner\">\n\t\t\t\t<div class=\"elementor-element elementor-element-72f6846 elementor-widget elementor-widget-shortcode\" data-id=\"72f6846\" data-element_type=\"widget\" data-e-type=\"widget\" data-widget_type=\"shortcode.default\">\n\t\t\t\t\t\t\t<div class=\"elementor-shortcode\"><div class=\"siam-verify\" id=\"siam-verify-app\">\n    <div class=\"siam-verify-container\">\n        <!-- Header -->\n        <div class=\"siam-verify-header\">\n            <div class=\"siam-verify-logo\">\n                <span class=\"siam-verify-icon\">\n                    <svg width=\"48\" height=\"48\" viewBox=\"0 0 48 48\" fill=\"none\" xmlns=\"http:\/\/www.w3.org\/2000\/svg\">\n                        <circle cx=\"24\" cy=\"24\" r=\"24\" fill=\"#0d6efd\"\/>\n                        <path d=\"M20 25l4 4 8-10\" stroke=\"#fff\" stroke-width=\"3\" stroke-linecap=\"round\" stroke-linejoin=\"round\"\/>\n                    <\/svg>\n                <\/span>\n                <div class=\"siam-verify-title-group\">\n                    <h2 class=\"siam-verify-title\">SIAM Ingenier\u00eda S.A.S<\/h2>\n                    <p class=\"siam-verify-subtitle\">Sistema de Verificaci\u00f3n de Documentos<\/p>\n                <\/div>\n            <\/div>\n        <\/div>\n\n        <!-- Formulario -->\n        <div class=\"siam-verify-form-section\">\n            <p class=\"siam-verify-instruction\">\n                Ingrese el c\u00f3digo de verificaci\u00f3n que aparece en su informe t\u00e9cnico o escanee el c\u00f3digo QR.            <\/p>\n\n            <form id=\"siam-verify-form\" class=\"siam-verify-form\" method=\"post\">\n                <div class=\"siam-verify-input-group\">\n                    <label for=\"siam-verify-code\" class=\"screen-reader-text\">\n                        C\u00f3digo de verificaci\u00f3n                    <\/label>\n                    <input type=\"text\"\n                           id=\"siam-verify-code\"\n                           name=\"verification_code\"\n                           placeholder=\"SIAM-AA6928\"\n                           value=\"\"\n                           pattern=\"[A-Za-z0-9\\-]+\"\n                           maxlength=\"11\"\n                           autocomplete=\"off\"\n                           required\n                           class=\"siam-verify-input\">\n                    <button type=\"submit\" id=\"siam-verify-btn\" class=\"siam-verify-button\">\n                        <span class=\"siam-verify-btn-text\">Verificar<\/span>\n                        <span class=\"siam-verify-btn-loading\" style=\"display:none;\">\n                            <span class=\"siam-verify-spinner\"><\/span>\n                            Verificando...                        <\/span>\n                    <\/button>\n                <\/div>\n                <p class=\"siam-verify-format-hint\">\n                    Formato: SIAM-XXXXXX                <\/p>\n            <\/form>\n        <\/div>\n\n        <!-- Resultado -->\n        <div id=\"siam-verify-result\" class=\"siam-verify-result\" style=\"display:none;\">\n            <!-- Se llena din\u00e1micamente por public.js -->\n        <\/div>\n\n        <!-- Footer -->\n        <div class=\"siam-verify-footer\">\n            <p>Laboratorio acreditado por el IDEAM<\/p>\n        <\/div>\n    <\/div>\n<\/div>\n<\/div>\n\t\t\t\t\t\t<\/div>\n\t\t\t\t\t<\/div>\n\t\t\t\t<\/div>\n\t\t\t\t<\/div>\n\t\t","protected":false},"excerpt":{"rendered":"<p>Centro de Verificaci\u00f3n P\u00fablica Garantizamos la total transparencia y seguridad de nuestros procesos. Utiliza esta herramienta para comprobar la validez de cualquier informe emitido por nuestro sistema. Por favor, introduce el c\u00f3digo correspondiente abajo.<\/p>\n","protected":false},"author":1,"featured_media":0,"parent":0,"menu_order":0,"comment_status":"closed","ping_status":"closed","template":"elementor_header_footer","meta":{"_joinchat":[],"footnotes":""},"class_list":["post-4040","page","type-page","status-publish","hentry"],"_links":{"self":[{"href":"https:\/\/siamingenieria.com\/wpf\/wp-json\/wp\/v2\/pages\/4040","targetHints":{"allow":["GET"]}}],"collection":[{"href":"https:\/\/siamingenieria.com\/wpf\/wp-json\/wp\/v2\/pages"}],"about":[{"href":"https:\/\/siamingenieria.com\/wpf\/wp-json\/wp\/v2\/types\/page"}],"author":[{"embeddable":true,"href":"https:\/\/siamingenieria.com\/wpf\/wp-json\/wp\/v2\/users\/1"}],"replies":[{"embeddable":true,"href":"https:\/\/siamingenieria.com\/wpf\/wp-json\/wp\/v2\/comments?post=4040"}],"version-history":[{"count":25,"href":"https:\/\/siamingenieria.com\/wpf\/wp-json\/wp\/v2\/pages\/4040\/revisions"}],"predecessor-version":[{"id":4113,"href":"https:\/\/siamingenieria.com\/wpf\/wp-json\/wp\/v2\/pages\/4040\/revisions\/4113"}],"wp:attachment":[{"href":"https:\/\/siamingenieria.com\/wpf\/wp-json\/wp\/v2\/media?parent=4040"}],"curies":[{"name":"wp","href":"https:\/\/api.w.org\/{rel}","templated":true}]}}