{"id":14,"date":"2025-09-05T05:31:24","date_gmt":"2025-09-05T05:31:24","guid":{"rendered":"https:\/\/themexriver.com\/wp\/eergx\/?page_id=14"},"modified":"2026-03-20T11:04:42","modified_gmt":"2026-03-20T16:04:42","slug":"servicios","status":"publish","type":"page","link":"https:\/\/siamingenieria.com\/wpf\/servicios\/","title":{"rendered":"Servicios"},"content":{"rendered":"\t\t<div data-elementor-type=\"wp-page\" data-elementor-id=\"14\" class=\"elementor elementor-14\" data-elementor-post-type=\"page\">\n\t\t\t\t<div class=\"elementor-element elementor-element-e8b0bfe e-flex e-con-boxed e-con e-parent\" data-id=\"e8b0bfe\" data-element_type=\"container\" data-e-type=\"container\" data-settings=\"{&quot;background_background&quot;:&quot;classic&quot;}\">\n\t\t\t\t\t<div class=\"e-con-inner\">\n\t\t\t\t<div class=\"elementor-element elementor-element-b6d12de elementor-widget elementor-widget-heading\" data-id=\"b6d12de\" data-element_type=\"widget\" data-e-type=\"widget\" data-widget_type=\"heading.default\">\n\t\t\t\t\t<h2 class=\"elementor-heading-title elementor-size-default\">Servicios<\/h2>\t\t\t\t<\/div>\n\t\t\t\t\t<\/div>\n\t\t\t\t<\/div>\n\t\t<div class=\"elementor-element elementor-element-77588f2 e-flex e-con-boxed e-con e-parent\" data-id=\"77588f2\" data-element_type=\"container\" data-e-type=\"container\">\n\t\t\t\t\t<div class=\"e-con-inner\">\n\t\t<div class=\"elementor-element elementor-element-d879c74 e-con-full e-flex e-con e-child\" data-id=\"d879c74\" data-element_type=\"container\" data-e-type=\"container\">\n\t\t\t\t<div class=\"elementor-element elementor-element-65931b9 elementor-widget elementor-widget-go-s-heading\" data-id=\"65931b9\" data-element_type=\"widget\" data-e-type=\"widget\" data-widget_type=\"go-s-heading.default\">\n\t\t\t\t<div class=\"elementor-widget-container\">\n\t\t\t\t\t<div class=\"prthalign\">\n        <h1 class=\"elementor-gt-heading egx-section-title-1 egx-split-text split-in-right\">SIAM Ingenier\u00eda<\/h1>            <div class=\"egx-para-1 disc elementor-gt-desc\"><p>SIAM Ingenier\u00eda es un Laboratorio Acreditado ante el IDEAM que acompa\u00f1a a sus clientes para cumplir sus metas en licencia ambientales y tr\u00e1mite antes los entes regulatorios. Nos encargamos de producir informaci\u00f3n cualitativa, f\u00edsica y qu\u00edmica en los estudios o an\u00e1lisis requeridos por las autoridades ambientales competentes con altos est\u00e1ndares de calidad nacional e internacional.<\/p><\/div>\n    <\/div>\n\t\t\t\t<\/div>\n\t\t\t\t<\/div>\n\t\t\t\t<\/div>\n\t\t\t\t\t<\/div>\n\t\t\t\t<\/div>\n\t\t<div class=\"elementor-element elementor-element-139e853 e-flex e-con-boxed e-con e-parent\" data-id=\"139e853\" data-element_type=\"container\" data-e-type=\"container\" data-settings=\"{&quot;background_background&quot;:&quot;classic&quot;}\">\n\t\t\t\t\t<div class=\"e-con-inner\">\n\t\t\t\t<div class=\"elementor-element elementor-element-80a215d elementor-widget elementor-widget-eergx-info-box-7\" data-id=\"80a215d\" data-element_type=\"widget\" data-e-type=\"widget\" data-widget_type=\"eergx-info-box-7.default\">\n\t\t\t\t<div class=\"elementor-widget-container\">\n\t\t\t\t\t<div class=\"egx-design-2-left\">\n            <div class=\"egx-design-2-card wow fadeInUp\" data-wow-duration=\"1s\">\n            <span class=\"icon\">\n                                    <img decoding=\"async\" src=\"https:\/\/siamingenieria.com\/wpf\/wp-content\/uploads\/calidad-del-aire.png\" alt=\"List\">\n                            <\/span>\n\n                            <h5 class=\"egx-heading-1 title\">Monitoreo de calidad del aire<\/h5>\n            \n                            <p class=\"egx-para-1 disc\">Dise\u00f1amos y operamos redes de monitoreo de calidad del aire para industrias ENERG\u00cdA Y MINERA, proyectos viales y zonas con comunidades cercanas.<\/p>\n                                        <a target=\"_self\" rel=\"\" href=\"https:\/\/siamingenieria.com\/wpf\/servicios\/calidad-del-aire\/\" class=\"card-btn\">\n                    <span class=\"btn-text\">Ver Mas<\/span>\n                    <span class=\"btn-icon\">\n                        <i class=\"fa-solid fa-plus\"><\/i>\n                    <\/span>\n                <\/a>\n                    <\/div>\n            <div class=\"egx-design-2-card wow fadeInUp\" data-wow-duration=\"1s\">\n            <span class=\"icon\">\n                                    <img decoding=\"async\" src=\"https:\/\/siamingenieria.com\/wpf\/wp-content\/uploads\/fabrica.png\" alt=\"List\">\n                            <\/span>\n\n                            <h5 class=\"egx-heading-1 title\">Ruido Ambiental y\nEmisi\u00f3n de Ruido<\/h5>\n            \n                            <p class=\"egx-para-1 disc\">Caracterizamos el ruido industrial, aeroportuario y de obras civiles, obteniendo datos fiables para mitigar impactos y cumplir los l\u00edmites legales.<\/p>\n                                        <a target=\"_self\" rel=\"\" href=\"https:\/\/siamingenieria.com\/wpf\/servicios\/ruido\/\" class=\"card-btn\">\n                    <span class=\"btn-text\">Ver Mas<\/span>\n                    <span class=\"btn-icon\">\n                        <i class=\"fa-solid fa-plus\"><\/i>\n                    <\/span>\n                <\/a>\n                    <\/div>\n            <div class=\"egx-design-2-card wow fadeInUp\" data-wow-duration=\"1s\">\n            <span class=\"icon\">\n                                    <img decoding=\"async\" src=\"https:\/\/siamingenieria.com\/wpf\/wp-content\/uploads\/chimenea.png\" alt=\"List\">\n                            <\/span>\n\n                            <h5 class=\"egx-heading-1 title\">Fuentes fijos \/ Isocin\u00e9tico \/ Emisiones por chimeneas<\/h5>\n            \n                            <p class=\"egx-para-1 disc\">Aplicamos t\u00e9cnicas de muestreo isocin\u00e9tico para determinar emisiones de part\u00edculas y gases en fuentes fijas y de , emisiones industriales; te ayudamos a cumplir la Resoluci\u00f3n 909 de 2008.<\/p>\n                                        <a target=\"_self\" rel=\"\" href=\"https:\/\/siamingenieria.com\/wpf\/servicios\/fuentes-fijas-isocinetico\/\" class=\"card-btn\">\n                    <span class=\"btn-text\">Ver Mas<\/span>\n                    <span class=\"btn-icon\">\n                        <i class=\"fa-solid fa-plus\"><\/i>\n                    <\/span>\n                <\/a>\n                    <\/div>\n            <div class=\"egx-design-2-card wow fadeInUp\" data-wow-duration=\"1s\">\n            <span class=\"icon\">\n                                    <img decoding=\"async\" src=\"https:\/\/siamingenieria.com\/wpf\/wp-content\/uploads\/meteorologia.png\" alt=\"List\">\n                            <\/span>\n\n                            <h5 class=\"egx-heading-1 title\">Modelaci\u00f3n y consultor\u00eda<\/h5>\n            \n                            <p class=\"egx-para-1 disc\">Integramos modelaci\u00f3n de dispersi\u00f3n y estudios de impacto ambiental cuando la autoridad lo exige, facilitando la obtenci\u00f3n de licencias ambientales y gesti\u00f3n de permisos y licencias ambientales.<\/p>\n                                        <a target=\"_self\" rel=\"\" href=\"https:\/\/siamingenieria.com\/wpf\/servicios\/consultoria\/\" class=\"card-btn\">\n                    <span class=\"btn-text\">Ver Mas<\/span>\n                    <span class=\"btn-icon\">\n                        <i class=\"fa-solid fa-plus\"><\/i>\n                    <\/span>\n                <\/a>\n                    <\/div>\n            <div class=\"egx-design-2-card wow fadeInUp\" data-wow-duration=\"1s\">\n            <span class=\"icon\">\n                                    <img decoding=\"async\" src=\"https:\/\/siamingenieria.com\/wpf\/wp-content\/uploads\/meteorologia.png\" alt=\"List\">\n                            <\/span>\n\n                            <h5 class=\"egx-heading-1 title\">Olores Ofensivos<\/h5>\n            \n                            <p class=\"egx-para-1 disc\">Proveemos el soporte t\u00e9cnico experto para identificar fuentes y evaluar impactos, garantizando la representatividad de los resultados. Aseguramos a nuestros clientes una evaluaci\u00f3n precisa, confiable y el cumplimiento riguroso de todos los requerimientos ambientales en este servicio. <\/p>\n                                        <a target=\"_self\" rel=\"\" href=\"https:\/\/siamingenieria.com\/wpf\/servicios\/olores-ofensivos\/\" class=\"card-btn\">\n                    <span class=\"btn-text\">Ver Mas<\/span>\n                    <span class=\"btn-icon\">\n                        <i class=\"fa-solid fa-plus\"><\/i>\n                    <\/span>\n                <\/a>\n                    <\/div>\n            <div class=\"egx-design-2-card wow fadeInUp\" data-wow-duration=\"1s\">\n            <span class=\"icon\">\n                                    <img decoding=\"async\" src=\"https:\/\/siamingenieria.com\/wpf\/wp-content\/uploads\/meteorologia.png\" alt=\"List\">\n                            <\/span>\n\n                            <h5 class=\"egx-heading-1 title\">Vibraciones<\/h5>\n            \n                            <p class=\"egx-para-1 disc\">Medimos vibraciones con metodolog\u00edas normalizadas para proteger estructuras, equipos y personas, asegurando cumplimiento y operaci\u00f3n responsable.<\/p>\n                                        <a target=\"_self\" rel=\"\" href=\"https:\/\/siamingenieria.com\/wpf\/servicios\/vibraciones\/\" class=\"card-btn\">\n                    <span class=\"btn-text\">Ver Mas<\/span>\n                    <span class=\"btn-icon\">\n                        <i class=\"fa-solid fa-plus\"><\/i>\n                    <\/span>\n                <\/a>\n                    <\/div>\n            <div class=\"egx-design-2-card wow fadeInUp\" data-wow-duration=\"1s\">\n            <span class=\"icon\">\n                                    <img decoding=\"async\" src=\"https:\/\/siamingenieria.com\/wpf\/wp-content\/uploads\/meteorologia.png\" alt=\"List\">\n                            <\/span>\n\n                            <h5 class=\"egx-heading-1 title\">Ruido (ISO 1996-2)<\/h5>\n            \n                            <p class=\"egx-para-1 disc\">Caracterizamos el entorno ac\u00fastico bajo ISO 1996-2 para evidenciar cumplimiento, gestionar quejas y definir medidas de mitigaci\u00f3n efectivas.<\/p>\n                                        <a target=\"_self\" rel=\"\" href=\"https:\/\/siamingenieria.com\/wpf\/servicios\/ruido-1996-2\/\" class=\"card-btn\">\n                    <span class=\"btn-text\">Ver Mas<\/span>\n                    <span class=\"btn-icon\">\n                        <i class=\"fa-solid fa-plus\"><\/i>\n                    <\/span>\n                <\/a>\n                    <\/div>\n    <\/div>\t\t\t\t<\/div>\n\t\t\t\t<\/div>\n\t\t\t\t<div class=\"elementor-element elementor-element-427e280 elementor-widget elementor-widget-ft-btn-one\" data-id=\"427e280\" data-element_type=\"widget\" data-e-type=\"widget\" data-widget_type=\"ft-btn-one.default\">\n\t\t\t\t<div class=\"elementor-widget-container\">\n\t\t\t\t\t<div class=\"prthalign\">\n    <a href=\"https:\/\/siamingenieria.com\/wpf\/wp-content\/uploads\/Portafolio-SIAM.pdf\" target=\"_blank\" rel=\"nofollow\" class=\"egx-btn-2 hover-black-btn\">\n        <span class=\"btn-text\">Descarga portafolio<\/span>\n        <span class=\"btn-icon\">\n            <i class=\"fa-solid fa-arrow-right\"><\/i>\n        <\/span>\n    <\/a>\n<\/div>\n\t\t\t\t<\/div>\n\t\t\t\t<\/div>\n\t\t\t\t\t<\/div>\n\t\t\t\t<\/div>\n\t\t\t\t<\/div>\n\t\t","protected":false},"excerpt":{"rendered":"<p>Servicios SIAM Ingenier\u00eda SIAM Ingenier\u00eda es un Laboratorio Acreditado ante el IDEAM que acompa\u00f1a a sus clientes para cumplir sus metas en licencia ambientales y tr\u00e1mite antes los entes regulatorios. Nos encargamos de producir informaci\u00f3n cualitativa, f\u00edsica y qu\u00edmica en los estudios o an\u00e1lisis requeridos por las autoridades ambientales competentes con altos est\u00e1ndares de calidad [&hellip;]<\/p>\n","protected":false},"author":1,"featured_media":0,"parent":0,"menu_order":0,"comment_status":"closed","ping_status":"closed","template":"elementor_header_footer","meta":{"_joinchat":[],"footnotes":""},"class_list":["post-14","page","type-page","status-publish","hentry"],"_links":{"self":[{"href":"https:\/\/siamingenieria.com\/wpf\/wp-json\/wp\/v2\/pages\/14","targetHints":{"allow":["GET"]}}],"collection":[{"href":"https:\/\/siamingenieria.com\/wpf\/wp-json\/wp\/v2\/pages"}],"about":[{"href":"https:\/\/siamingenieria.com\/wpf\/wp-json\/wp\/v2\/types\/page"}],"author":[{"embeddable":true,"href":"https:\/\/siamingenieria.com\/wpf\/wp-json\/wp\/v2\/users\/1"}],"replies":[{"embeddable":true,"href":"https:\/\/siamingenieria.com\/wpf\/wp-json\/wp\/v2\/comments?post=14"}],"version-history":[{"count":45,"href":"https:\/\/siamingenieria.com\/wpf\/wp-json\/wp\/v2\/pages\/14\/revisions"}],"predecessor-version":[{"id":4093,"href":"https:\/\/siamingenieria.com\/wpf\/wp-json\/wp\/v2\/pages\/14\/revisions\/4093"}],"wp:attachment":[{"href":"https:\/\/siamingenieria.com\/wpf\/wp-json\/wp\/v2\/media?parent=14"}],"curies":[{"name":"wp","href":"https:\/\/api.w.org\/{rel}","templated":true}]}}